 ten thousands digit of 286869?
8
What is the tens digit of 9829983?
8
What is the tens digit of 47956?
5
What is the hundreds digit of 424530?
5
What is the hundreds digit of 1923274?
2
What is the thousands digit of 155814?
5
What is the hundreds digit of 13709415?
4
What is the ten thousands digit of 396086?
9
What is the millions digit of 12587456?
2
What is the thousands digit of 219736?
9
What is the tens digit of 9550595?
9
What is the units digit of 180322?
2
What is the tens digit of 86108?
0
What is the ten thousands digit of 290789?
9
What is the tens digit of 5454?
5
What is the thousands digit of 769780?
9
What is the tens digit of 10486590?
9
What is the tens digit of 440418?
1
What is the ten thousands digit of 153137?
5
What is the ten thousands digit of 62837?
6
What is the tens digit of 1773787?
8
What is the hundred thousands digit of 6332204?
3
What is the hundred thousands digit of 702436?
7
What is the thousands digit of 163281?
3
What is the thousands digit of 14830382?
0
What is the ten thousands digit of 1197240?
9
What is the units digit of 53338?
8
What is the ten thousands digit of 639847?
3
What is the hundred thousands digit of 31348818?
3
What is the hundreds digit of 157535?
5
What is the thousands digit of 1513553?
3
What is the ten thousands digit of 5564897?
6
What is the ten thousands digit of 176454?
7
What is the thousands digit of 19916340?
6
What is the tens digit of 176395?
9
What is the hundreds digit of 3263778?
7
What is the millions digit of 7385995?
7
What is the hundred thousands digit of 595038?
5
What is the tens digit of 4285084?
8
What is the units digit of 77439?
9
What is the units digit of 6988485?
5
What is the millions digit of 6279690?
6
What is the hundred thousands digit of 198889?
1
What is the ten thousands digit of 2923701?
2
What is the ten thousands digit of 2962629?
6
What is the hundreds digit of 2527492?
4
What is the tens digit of 3212966?
6
What is the thousands digit of 3326263?
6
What is the thousands digit of 559906?
9
What is the hundreds digit of 32563?
5
What is the hundreds digit of 569576?
5
What is the hundreds digit of 115861?
8
What is the millions digit of 27743060?
7
What is the thousands digit of 1061331?
1
What is the tens digit of 8338461?
6
What is the hundreds digit of 45104?
1
What is the hundred thousands digit of 192470?
1
What is the ten thousands digit of 66652?
6
What is the thousands digit of 581289?
1
What is the tens digit of 29004653?
5
What is the tens digit of 210780?
8
What is the ten thousands digit of 426753?
2
What is the hundred thousands digit of 768915?
7
What is the hundreds digit of 4169180?
1
What is the thousands digit of 5609701?
9
What is the hundreds digit of 325325?
3
What is the hundred thousands digit of 565212?
5
What is the millions digit of 4084854?
4
What is the units digit of 6334791?
1
What is the units digit of 1701508?
8
What is the thousands digit of 1273045?
3
What is the ten thousands digit of 62690?
6
What is the hundreds digit of 200412?
4
What is the tens digit of 9169509?
0
What is the thousands digit of 1002246?
2
What is the ten thousands digit of 1186271?
8
What is the hundreds digit of 1832247?
2
What is the hundreds digit of 17539624?
6
What is the hundred thousands digit of 727571?
7
What is the hundreds digit of 2030074?
0
What is the tens digit of 3756495?
9
What is the ten millions digit of 10739797?
1
What is the hundred thousands digit of 2068366?
0
What is the thousands digit of 787017?
7
What is the tens digit of 442602?
0
What is the thousands digit of 2445347?
5
What is the thousands digit of 36457228?
7
What is the units digit of 193853?
3
What is the tens digit of 22460?
6
What is the tens digit of 2534298?
9
What is the ten millions digit of 15412917?
1
What is the ten thousands digit of 325371?
2
What is the tens digit of 14655903?
0
What is the tens digit of 7484870?
7
What is the hundreds digit of 114135?
1
What is the hundreds digit of 5376848?
8
What is the hundreds digit of 171210?
2
What is the hundred thousands digit of 847275?
8
What is the ten thousands digit of 6902586?
0
What is the hundred thousands digit of 154930?
1
What is the tens digit of 1273149?
4
What is the hundred thousands digit of 2001880?
0
What is the thousands digit of 26540005?
0
What is the hundreds digit of 9595240?
2
What is the hundreds digit of 1038029?
0
What is the hundreds digit of 2135861?
8
What is the tens digit of 1686514?
1
What is the tens digit of 16157593?
9
What is the units digit of 78214?
4
What is the tens digit of 23289240?
4
What is the units digit of 2170743?
3
What is the hundred thousands digit of 350516?
3
What is the ten thousands digit of 277127?
7
What is the thousands digit of 840655?
0
What is the units digit of 298680?
0
What is the hundred thousands digit of 113349?
1
What is the hundred thousands digit of 128244?
1
What is the hundred thousands digit of 129987?
1
What is the millions digit of 18145795?
8
What is the tens digit of 2787709?
0
What is the tens digit of 2674738?
3
What is the hundreds digit of 316685?
6
What is the millions digit of 9677445?
9
What is the tens digit of 5337024?
2
What is the thousands digit of 58129?
8
What is the millions digit of 6620701?
6
What is the hundreds digit of 367238?
2
What is the hundred thousands digit of 2928170?
9
What is the units digit of 1049751?
1
What is the tens digit of 265898?
9
What is the tens digit of 43904?
0
What is the thousands digit of 82761?
2
What is the units digit of 303825?
5
What is the hundred thousands digit of 113162?
1
What is the ten thousands digit of 357031?
5
What is the hundred thousands digit of 1326232?
3
What is the hundreds digit of 16282225?
2
What is the hundred thousands digit of 524937?
5
What is the hundreds digit of 491382?
3
What is the units digit of 673457?
7
What is the units digit of 385217?
7
What is the units digit of 21581?
1
What is the ten thousands digit of 212273?
1
What is the tens digit of 269488?
8
What is the units digit of 482394?
4
What is the tens digit of 3066756?
5
What is the ten millions digit of 14037419?
1
What is the ten thousands digit of 16622370?
2
What is the thousands digit of 8407018?
7
What is the hundred thousands digit of 10931371?
9
What is the units digit of 161317?
7
What is the units digit of 2890139?
9
What is the hundred thousands digit of 23784835?
7
What is the hundreds digit of 38615?
6
What is the tens digit of 1625307?
0
What is the ten thousands digit of 4433428?
3
What is the hundreds digit of 432763?
7
What is the hundreds digit of 6388610?
6
What is the hundreds digit of 7799909?
9
What is the tens digit of 701618?
1
What is the units digit of 72773?
3
What is the tens digit of 83444?
4
What is the ten thousands digit of 520130?
2
What is the hundred thousands digit of 2188964?
1
What is the thousands digit of 107523?
7
What is the ten thousands digit of 96785?
9
What is the hundred thousands digit of 2169582?
1
What is the hundreds digit of 270155?
1
What is the units digit of 430250?
0
What is the thousands digit of 380263?
0
What is the hundred thousands digit of 2252855?
2
What is the hundred thousands digit of 255433?
2
What is the tens digit of 6930626?
2
What is the hundreds digit of 8523?
5
What is the hundreds digit of 773400?
4
What is the units digit of 7103?
3
What is the tens digit of 5444483?
8
What is the hundred thousands digit of 1892571?
8
What is the hundreds digit of 81062?
0
What is the tens digit of 2725465?
6
What is the units digit of 9108026?
6
What is the units digit of 725244?
4
What is the units digit of 6247750?
0
What is the units digit of 12944?
4
What is the hundreds digit of 609367?
3
What is the hundred thousands digit of 3089366?
0
What is the thousands digit of 1145394?
5
What is the units digit of 6766395?
5
What is the ten thousands digit of 349407?
4
What is the tens digit of 1451072?
7
What is the millions digit of 15488445?
5
What is the millions digit of 18710807?
8
What is the ten thousands digit of 868124?
6
What is the units digit of 103314?
4
What is the hundreds digit of 3940961?
9
What is the millions digit of 5980877?
5
What is the hundreds digit of 2703053?
0
What is the hundreds digit of 7772332